ed by 3*(-1 - (-34)/6)?
9
Suppose -2*r + 6 = r - 2*a, 3*a = -3*r - 9. Suppose r = -5*i - 35 + 280. What is the remainder when i is divided by 10?
9
Let r be 51*(-1)/(-4 - (-2 - 1)). Calculate the remainder when (2/2)/(3/r) is divided by 5.
2
Suppose 98 - 25 = 2*l + 3*n, -5*l + 195 = -5*n. Let x = -27 + l. Calculate the remainder when 4 + (-42)/(-9)*6 is divided by x.
10
Suppose -2*i = -i + 1. What is the remainder when -31*1/i - 1 is divided by 16?
14
Let b = -12 - -16. Let v(c) = 40*c - 3. Let r be v(b). Suppose 0 = -4*s - y - 45 + 167, 0 = 5*s - y - r. What is the remainder when s is divided by 11?
9
Let z(d) = 2*d**2 - 2*d + 1. Let h be z(2). Suppose 5*f - 18 = y, -4*y + h*y = -4*f + 18. Let l = 1757 - 1750. Calculate the remainder when l is divided by f.
3
Let n(s) = -2*s**3 + 2*s + 3. Let f(y) = -2*y**2 + 25*y - 9. What is the remainder when f(10) is divided by n(-2)?
11
Suppose 0 = -5*s + v - 235, -5*s - 215 = -8*v + 3*v. Calculate the remainder when (s/32)/((-3)/44) is divided by 5.
2
Let c = -182 + 251. Calculate the remainder when c is divided by 14.
13
Let y = -13 + 38. What is the remainder when (-3)/(75/10)*-305 is divided by y?
22
Let o = 89 - 63. Calculate the remainder when o is divided by (-21 + 17)/(4*1)*(-1 - 14).
11
Let f(j) = -2*j**2 - j + 21. Let x = 75 - 15. Calculate the remainder when x is divided by f(0).
18
Let c = -950 - -1001. Calculate the remainder when c is divided by 16.
3
Let b be 12 + -8 - 6*3. Calculate the remainder when (-2)/(-7) - 206/b is divided by (8/(-5))/((-1)/5).
7
Let a = -183 + 728. What is the remainder when a is divided by 14?
13
Let l = 531 + -526. Suppose 3*h = -h + 48. What is the remainder when h is divided by l?
2
Let g be (-20)/(-12) + 1/3. Suppose -h - 197 = -g*m - 2*h, 5*m - 492 = -3*h. Calculate the remainder when m/3*(-2)/(-6) is divided by 4.
3
Let g be 4/(-4)*1 + 3. Suppose 26 - 34 = -g*o. What is the remainder when 14 is divided by o?
2
Let r = 386 + -370. Calculate the remainder when 42 is divided by r.
10
Calculate the remainder when 10/4*(-78)/(-65) is divided by (27/(-12) - -2)*-4.
0
Let c be 2*(-4 + (-30)/(-4)). Suppose -c*o - 16 = -9*o. Calculate the remainder when 22 is divided by o.
6
Suppose 0 = 36*k - 53*k + 221. Let j(t) = t**2 + 9*t - 9. What is the remainder when j(7) is divided by k?
12
Let w be (3 + (-411)/(-21))*7. Suppose 2*s - 10 = 4*s, 2*s = -4*v + w. Calculate the remainder when v is divided by 23.
19
Suppose -k = 4, 3*k = 5*h + k - 618. Suppose -p - h = -3*p. What is the remainder when 302 is divided by p?
58
Let w(m) = 9*m - 178. Calculate the remainder when 210 is divided by w(26).
42
Suppose 0 = v - u - 17, -2*u = 2*v + 2*u - 46. Suppose 0 = -z - 5*p + 26, 5*p = 3*z - 8*z + 70. Calculate the remainder when v is divided by z.
8
Let a(p) = -7*p - 22. Let c(j) = 3*j + 11. Let g(t) = 3*a(t) + 5*c(t). Suppose 4*n - 19 = 21. What is the remainder when g(-5) is divided by n?
9
Suppose s - 4*s = -5*b - 335, 0 = -3*b + 15. Suppose -w + s = -2*g + 6*g, 30 = g - 5*w. What is the remainder when g is divided by 8?
6
Let l = 1934 + -1872. Calculate the remainder when 105 is divided by l.
43
Let b(q) = -8*q - 1. Suppose -4*w - 5*k = -116, -14*w + 15*w + 10*k - 29 = 0. What is the remainder when w is divided by b(-2)?
14
Let o(n) = -n**3 - 5*n**2 + 2*n + 12. Let h be o(-5). Suppose 0 = t + t + h, 3*t = -g + 11. Calculate the remainder when 27 is divided by g.
13
Let h(c) = 3*c**3 - 3*c**2 + c - 22. Let d(q) = -5*q**3 + 5*q**2 - 2*q + 43. Let a(w) = 4*d(w) + 7*h(w). Calculate the remainder when 70 is divided by a(0).
16
Let i = -939 + 1768. What is the remainder when i is divided by 16?
13
Suppose 7 + 10 = 4*y - 5*h, y - 14 = -2*h. Let f be (7/(-3))/(y/(-24)). Let b(x) = -x + 19. Calculate the remainder when 83 is divided by b(f).
11
Let q(j) = 2*j**2 + 2*j + 4. Let v(h) = 3*h**2 + 18*h + 54. Calculate the remainder when v(-10) is divided by q(4).
42
Suppose 2*i + 37 = 5*t, 0 = -3*t - 0*i + 4*i + 11. Let q = -82 - -76. Let k = q + t. Calculate the remainder when 8 is divided by k.
2
Suppose -h - 24 = 4*a, -h + 11 = -0*a - a. What is the remainder when 110 is divided by a/(-3*5/60)?
26
Suppose -10*y + 49*y - 5538 = 0. Let w(b) = 4*b**2 - b - 4. Calculate the remainder when y is divided by w(3).
26
Suppose -2*d = 4*x - d - 61, d = 5. Calculate the remainder when 41 is divided by x.
13
Let d = 366 - 282. Calculate the remainder when d is divided by 10.
4
Calculate the remainder when 150 is divided by (-7 - 180/(-27))/((-1)/57).
17
Suppose 5*a - 27 = -2*o, -2*a = o + o - 24. Let y(q) = -2*q + 13. What is the remainder when y(-9) is divided by o?
9
Let d(f) = 4*f**2 - 2*f + 1. Let s be d(1). Suppose 0 = l - s + 1. Suppose 0 = -l*z + 8 + 10. Calculate the remainder when 34 is divided by z.
7
Let r = 72 + 18. Calculate the remainder when (r/(-75))/(2/(-65)) is divided by 7.
4
Let k(f) = f**2 + f + 4. What is the remainder when (-28)/5*(-6)/(24/20) is divided by k(-3)?
8
Let f = -106 + 108. Suppose -p - 2 = f*n, -4 = -5*n - 14. Calculate the remainder when 13 is divided by p.
1
Let j be (-1 - -3) + (3 - 4). Let z be -3 - ((-3)/j + 4). What is the remainder when 62 is divided by 1/1*(28 - z)?
30
Calculate the remainder when 103 is divided by 8 - 1 - (-5 + -4).
7
Calculate the remainder when 50 is divided by (-39)/((-7)/2 + (-2)/(-4)).
11
Calculate the remainder when (2/(-4))/(9/(-3564)) is divided by 68.
62
Let g(j) = 6*j**3 - 3*j**2 + 3*j - 3. Calculate the remainder when (-5*126/35)/((-3)/32) is divided by g(2).
36
Suppose 120 = 5*m + 5*r, 2*m - 56 + 9 = -3*r. Let o(a) = 23*a. What is the remainder when o(2) is divided by m?
21
Let f(a) = 16*a - 4. Let d be f(1). Suppose -4*v = -h + 6*h, 0 = 3*h + d. What is the remainder when 17 is divided by v?
2
Suppose -6*w + 11*w = 100. Let p(x) = 37*x**3 - x. Calculate the remainder when p(1) is divided by w.
16
Let d = 3 - 0. Suppose 0 = 3*x - 0*x - 234. Suppose d*l - 77 - x = -4*f, -l - f = -52. What is the remainder when l is divided by 14?
11
Let r(v) = -v**3 + 9*v**2 - 4*v + 25. What is the remainder when r(8) is divided by (-59)/(-4) + (-7)/(-28)?
12
Let q = 741 - 712. Calculate the remainder when 282 is divided by q.
21
What is the remainder when 1/(-3) - (-79492)/102 is divided by 10?
9
What is the remainder when (-742)/(-21)*(-3)/(-2) is divided by 8?
5
Suppose -372*j - 61 = -373*j. Calculate the remainder when 181 is divided by j.
59
Suppose 4*t - 4*y + 4 = 0, 0 = 4*t - y - y + 8. Let i be t/(-3)*(-27 - -2). Let f = 41 + i. Calculate the remainder when f is divided by 9.
7
Let f be ((-2)/7)/(13/(-91)). Suppose f*y - 22 - 14 = 0. What is the remainder when 33 is divided by y?
15
Let v(z) = -z**2 - 14*z + 4. Let o be v(-14). Suppose 2*i - y = 27, 0 = 4*i - y - o*y - 69. What is the remainder when 63 is divided by i?
8
Suppose 4*z - 135 = z. Suppose 0 = 4*x - 27 - z. Let n = -66 - -137. Calculate the remainder when n is divided by x.
17
Let w(k) = -k**3 + 15*k**2 - 13*k + 12. Let a be w(14). Let i = a + 10. What is the remainder when i is divided by 13?
10
Let y(q) = 6*q - 3. Let o(x) = -x**2 - 5*x - 4. Let z be o(-3). Calculate the remainder when y(z) is divided by (-4)/(72/(-30))*(3 + (-15)/25).
1
Suppose -2*j + 12*j = 580. What is the remainder when 171 is divided by j?
55
Let i = -1619 - -1650. Let j(q) = -6*q**3 - 2*q. Calculate the remainder when j(-2) is divided by i.
21
Let f(u) = 13*u**2 + 2*u - 1. Let y be f(1). Suppose 4*h = 2*n + 6, -y = -4*n - 2. What is the remainder when h*((-28)/(-6) - 0) is divided by 5?
4
Let r(w) = w**2 - 13*w. Let p(z) = 4*z**2 - 8*z + 2. Let j be p(4). Let q = j + -20. What is the remainder when r(q) is divided by 8?
6
Suppose u + 7 = -n + 24, -5*u = -3*n - 125. What is the remainder when 120 is divided by u?
10
Suppose 173 + 223 = -5*t - 4*x, -4*x - 156 = 2*t. Let y = t + 161. Calculate the remainder when y is divided by 21.
18
Let q(u) = -35*u - 189. What is the remainder when 55 is divided by q(-6)?
13
Suppose 0 = 4*j - 8*j + 216. Calculate the remainder when j is divided by (4/30*5)/(10/285).
16
What is the remainder when 38 is divided by 66/9*(2 + 6/6)?
16
Suppose -7*u + 3*u - 16 = 0, 5*u = -5*o + 1065. Calculate the remainder when o is divided by 20.
17
Suppose -1132*m = -1114*m - 144. Cal